{"id":1637,"date":"2025-05-12T10:35:10","date_gmt":"2025-05-12T08:35:10","guid":{"rendered":"https:\/\/www.campingliez.com\/alentours\/parc-national-des-forets\/"},"modified":"2024-07-09T11:25:26","modified_gmt":"2024-07-09T09:25:26","slug":"parc-national-des-forets","status":"publish","type":"alentours","link":"https:\/\/www.campingliez.com\/de\/alentours\/parc-national-des-forets\/","title":{"rendered":"Nationalpark der W\u00e4lder"},"content":{"rendered":"\n<div class=\"is-layout-flex wp-container-4 wp-block-columns are-vertically-aligned-center\">\n<div class=\"is-layout-flow wp-block-column is-vertically-aligned-center\"><figure class=\"fc-auto \" style=\"\"  ><picture><source srcset=\"https:\/\/www.campingliez.com\/wp-content\/uploads\/2024\/06\/batch_AdobeStock_273703719-210x210.jpg\" media=\"(max-width: 211px)\"><source srcset=\"https:\/\/www.campingliez.com\/wp-content\/uploads\/2024\/06\/batch_AdobeStock_273703719-420x278.jpg\" media=\"(max-width: 421px)\"><source srcset=\"https:\/\/www.campingliez.com\/wp-content\/uploads\/2024\/06\/batch_AdobeStock_273703719.jpg\" media=\"(max-width: 1025px)\"><source srcset=\"https:\/\/www.campingliez.com\/wp-content\/uploads\/2024\/06\/batch_AdobeStock_273703719.jpg\" media=\"(min-width: 1026px)\"><img decoding=\"async\" loading=\"lazy\" width=\"420\" height=\"210\" src=\"https:\/\/www.campingliez.com\/wp-content\/uploads\/2024\/06\/batch_AdobeStock_273703719-210x210.jpg\" alt=\"foret camping haute marne\" title=\"\"><\/picture><\/figure><\/div>\n\n\n\n<div class=\"is-layout-flow wp-block-column is-vertically-aligned-center\">\n<h1>Nationalpark der W\u00e4lder, nur wenige Schritte vom Campingplatz entfernt<\/h1>\n\n\n\n<p>Lust auf Freiluft und Freiheit?<\/p>\n\n\n\n<p>Nur wenige Meter von unserem <strong>5-Sterne-Campingplatz in der N\u00e4he von Langres<\/strong> entfernt, bieten wir Ihnen die M\u00f6glichkeit, unsere umliegenden W\u00e4lder zu entdecken!<br><br><strong>Nationalpark Frankreichs<\/strong> sind sie repr\u00e4sentativ f\u00fcr die Kalksteinplateaus im nord\u00f6stlichen Viertel Frankreichs.<\/p>\n\n\n\n<div class=\"is-layout-flex wp-block-buttons\">\n<div class=\"wp-block-button\"><a class=\"wp-block-button__link wp-element-button\" href=\"https:\/\/www.campingliez.com\/de\/tourismus-camping-langres-haute-marne\/\">Alle Reiseziele ansehen<\/a><\/div>\n<\/div>\n<\/div>\n<\/div>\n\n\n\n<div class=\"is-layout-constrained wp-block-group alignfull\"><figure class=\"deco--vague fc-auto \" style=\"\"  ><picture><source srcset=\"https:\/\/www.campingliez.com\/wp-content\/uploads\/2024\/05\/vague.svg\" media=\"(max-width: 211px)\"><source srcset=\"https:\/\/www.campingliez.com\/wp-content\/uploads\/2024\/05\/vague.svg\" media=\"(max-width: 421px)\"><source srcset=\"https:\/\/www.campingliez.com\/wp-content\/uploads\/2024\/05\/vague.svg\" media=\"(max-width: 1025px)\"><source srcset=\"https:\/\/www.campingliez.com\/wp-content\/uploads\/2024\/05\/vague.svg\" media=\"(min-width: 1026px)\"><img decoding=\"async\" loading=\"lazy\" width=\"420\" height=\"210\" src=\"https:\/\/www.campingliez.com\/wp-content\/uploads\/2024\/05\/vague.svg\" alt=\"camping Ciela village\" title=\"\"><\/picture><\/figure>\n\n\n<div class=\"is-layout-flex wp-container-7 wp-block-columns has-vert-background-color has-background\">\n<div class=\"is-layout-flow wp-block-column\">\n<p>An der Schnittstelle zwischen kontinentalem und ozeanischem Klima, mit mediterranen und alpinen Einfl\u00fcssen, gibt es bis zu 15 Baumarten pro Hektar, wobei die Buche am h\u00e4ufigsten vorkommt. Auch aufgrund ihres Alters und der fast durchgehenden Bewaldung beherbergen sie zahlreiche nat\u00fcrliche Lebensr\u00e4ume: S\u00fcmpfe, Kalkrasen, Wiesen, die reich an manchmal seltenen Arten wie dem Frauenschuh sind. Die Populationen von Hirschen, Rehen und Wildschweinen sind sehr zahlreich, aber es gibt auch bemerkenswerte Arten wie die Wildkatze oder den Schwarzstorch.<\/p>\n\n\n\n<p>Wasser ist ebenfalls sehr pr\u00e4sent mit 694 Kilometern Wasserl\u00e4ufen, zahlreichen Quellen und Feuchtgebieten.<\/p>\n<\/div>\n\n\n\n<div class=\"is-layout-flow wp-block-column\">\n<p>Der Wald ist ein bevorzugtes Zeugnis der engen Beziehungen zwischen Mensch und Natur seit der Jungsteinzeit. Er birgt und sch\u00fctzt zahlreiche arch\u00e4ologische \u00dcberreste und bewahrt die Spuren der Arbeit der M\u00f6nche im Mittelalter, der Land- und Forstwirtschaft, der Wasserkraft oder der Metallurgie in verschiedenen Epochen. Die Originalit\u00e4t des Nationalparkprojekts f\u00fcr W\u00e4lder liegt in der starken und dauerhaften Pr\u00e4senz des Menschen und seiner Aktivit\u00e4ten auf dem gesamten Gebiet, einschlie\u00dflich einer bedeutenden Forst- und Holzwirtschaft.<\/p>\n\n\n\n<p>Der Waldnationalpark hat sich zum Ziel gesetzt, die Erhaltung dieses au\u00dfergew\u00f6hnlichen Erbes mit der wirtschaftlichen, sozialen und kulturellen Entwicklung in Einklang zu bringen.<\/p>\n\n\n\n<p>W\u00e4hrend Ihres Aufenthalts auf dem <strong>Campingplatz de la Liez<\/strong> sollten Sie unbedingt einen Ausflug zum <strong>Nationalpark der W\u00e4lder<\/strong> machen.<\/p>\n<\/div>\n<\/div>\n<\/div>\n","protected":false},"template":"","meta":[],"acf":[],"_links":{"self":[{"href":"https:\/\/www.campingliez.com\/de\/wp-json\/wp\/v2\/alentours\/1637"}],"collection":[{"href":"https:\/\/www.campingliez.com\/de\/wp-json\/wp\/v2\/alentours"}],"about":[{"href":"https:\/\/www.campingliez.com\/de\/wp-json\/wp\/v2\/types\/alentours"}],"wp:attachment":[{"href":"https:\/\/www.campingliez.com\/de\/wp-json\/wp\/v2\/media?parent=1637"}],"curies":[{"name":"wp","href":"https:\/\/api.w.org\/{rel}","templated":true}]}}

Nationalpark der Wälder

<div class="is-layout-flex wp-container-4 wp-block-columns are-vertically-aligned-center">
<div class="is-layout-flow wp-block-column is-vertically-aligned-center"><figure class="fc-auto " style=""  ><picture><source srcset="https://www.campingliez.com/wp-content/uploads/2024/06/batch_AdobeStock_273703719-210x210.jpg" media="(max-width: 211px)"><source srcset="https://www.campingliez.com/wp-content/uploads/2024/06/batch_AdobeStock_273703719-420x278.jpg" media="(max-width: 421px)"><source srcset="https://www.campingliez.com/wp-content/uploads/2024/06/batch_AdobeStock_273703719.jpg" media="(max-width: 1025px)"><source srcset="https://www.campingliez.com/wp-content/uploads/2024/06/batch_AdobeStock_273703719.jpg" media="(min-width: 1026px)"><img decoding="async" loading="lazy" width="420" height="210" src="https://www.campingliez.com/wp-content/uploads/2024/06/batch_AdobeStock_273703719-210x210.jpg" alt="foret camping haute marne" title=""></picture></figure></div>



<div class="is-layout-flow wp-block-column is-vertically-aligned-center">
<h1>Nationalpark der Wälder, nur wenige Schritte vom Campingplatz entfernt</h1>



<p>Lust auf Freiluft und Freiheit?</p>



<p>Nur wenige Meter von unserem <strong>5-Sterne-Campingplatz in der Nähe von Langres</strong> entfernt, bieten wir Ihnen die Möglichkeit, unsere umliegenden Wälder zu entdecken!<br><br><strong>Nationalpark Frankreichs</strong> sind sie repräsentativ für die Kalksteinplateaus im nordöstlichen Viertel Frankreichs.</p>



<div class="is-layout-flex wp-block-buttons">
<div class="wp-block-button"><a class="wp-block-button__link wp-element-button" href="https://www.campingliez.com/de/tourismus-camping-langres-haute-marne/">Alle Reiseziele ansehen</a></div>
</div>
</div>
</div>



<div class="is-layout-constrained wp-block-group alignfull"><figure class="deco--vague fc-auto " style=""  ><picture><source srcset="https://www.campingliez.com/wp-content/uploads/2024/05/vague.svg" media="(max-width: 211px)"><source srcset="https://www.campingliez.com/wp-content/uploads/2024/05/vague.svg" media="(max-width: 421px)"><source srcset="https://www.campingliez.com/wp-content/uploads/2024/05/vague.svg" media="(max-width: 1025px)"><source srcset="https://www.campingliez.com/wp-content/uploads/2024/05/vague.svg" media="(min-width: 1026px)"><img decoding="async" loading="lazy" width="420" height="210" src="https://www.campingliez.com/wp-content/uploads/2024/05/vague.svg" alt="camping Ciela village" title=""></picture></figure>


<div class="is-layout-flex wp-container-7 wp-block-columns has-vert-background-color has-background">
<div class="is-layout-flow wp-block-column">
<p>An der Schnittstelle zwischen kontinentalem und ozeanischem Klima, mit mediterranen und alpinen Einflüssen, gibt es bis zu 15 Baumarten pro Hektar, wobei die Buche am häufigsten vorkommt. Auch aufgrund ihres Alters und der fast durchgehenden Bewaldung beherbergen sie zahlreiche natürliche Lebensräume: Sümpfe, Kalkrasen, Wiesen, die reich an manchmal seltenen Arten wie dem Frauenschuh sind. Die Populationen von Hirschen, Rehen und Wildschweinen sind sehr zahlreich, aber es gibt auch bemerkenswerte Arten wie die Wildkatze oder den Schwarzstorch.</p>



<p>Wasser ist ebenfalls sehr präsent mit 694 Kilometern Wasserläufen, zahlreichen Quellen und Feuchtgebieten.</p>
</div>



<div class="is-layout-flow wp-block-column">
<p>Der Wald ist ein bevorzugtes Zeugnis der engen Beziehungen zwischen Mensch und Natur seit der Jungsteinzeit. Er birgt und schützt zahlreiche archäologische Überreste und bewahrt die Spuren der Arbeit der Mönche im Mittelalter, der Land- und Forstwirtschaft, der Wasserkraft oder der Metallurgie in verschiedenen Epochen. Die Originalität des Nationalparkprojekts für Wälder liegt in der starken und dauerhaften Präsenz des Menschen und seiner Aktivitäten auf dem gesamten Gebiet, einschließlich einer bedeutenden Forst- und Holzwirtschaft.</p>



<p>Der Waldnationalpark hat sich zum Ziel gesetzt, die Erhaltung dieses außergewöhnlichen Erbes mit der wirtschaftlichen, sozialen und kulturellen Entwicklung in Einklang zu bringen.</p>



<p>Während Ihres Aufenthalts auf dem <strong>Campingplatz de la Liez</strong> sollten Sie unbedingt einen Ausflug zum <strong>Nationalpark der Wälder</strong> machen.</p>
</div>
</div>
</div>
